NOAA-Style Climate Reports

Select a Year or Month report
2024: Jan Feb Mar Apr May Jun Jul Aug Sep Oct Nov Dec
2023: Jan Feb Mar Apr May Jun Jul Aug Sep Oct Nov Dec
2022: Jan Feb Mar Apr May Jun Jul Aug Sep Oct Nov Dec
2021: Jan Feb Mar Apr May Jun Jul Aug Sep Oct Nov Dec
2020: Jan Feb Mar Apr May Jun Jul Aug Sep Oct Nov Dec
2019: Jan Feb Mar Apr May Jun Jul Aug Sep Oct Nov Dec

Report for 2024 April

Daily noaa report



                            MONTHLY CLIMATOLOGICAL SUMMARY for APR. 2024

NAME: SatelliteGuys   CITY: Newington STATE: Connecticut
ELEV: 0 LAT: 041:41:00 LONG: 0072:43:00

                            TEMPERATURE ( °F), RAIN (in.), WIND SPEED (mph)

                                               HEAT     COOL           AVG
      MEAN                                     DEG      DEG            WIND                      DOM
DAY   TEMP    HIGH   TIME     LOW    TIME      DAYS     DAYS    RAIN   SPEED   HIGH    TIME      DIR
--------------------------------------------------------------------------------------------------------
01    46.9   057.1   15:12    38.0   05:59     18.1     00.0   00.00   000     007    19:58     NNE
02    45.1   051.0   12:27    40.6   03:02     19.8     00.0   00.30   001     009    20:04     ENE
03    39.4   042.0   00:01    37.4   00:00     25.6     00.0   00.69   004     022    19:27     ENE
04    37.4   041.6   16:19    33.2   09:16     27.6     00.0   00.32   003     024    05:11      NE
05    39.1   045.5   16:46    32.0   04:08     25.9     00.0   00.00   002     015    12:49     WNW
06    42.9   051.6   16:16    37.5   04:50     22.0     00.0   00.00   002     016    20:08     NNE
07    45.2   055.5   16:28    38.6   05:52     19.7     00.0   00.00   001     014    15:47      NE
08    50.6   068.1   14:20    31.4   07:14     14.3     00.0   00.00   001     012    16:15     NNW
09    59.9   075.0   15:08    44.9   07:17     05.0     00.0   00.00   001     012    11:49     ESE
10    55.2   067.9   13:21    42.7   07:06     09.8     00.0   00.00   001     015    14:03      SE
11    54.6   060.0   00:00    50.0   08:31     10.4     00.0   00.27   001     013    23:26     ESE
12    58.7   062.0   06:53    52.0   23:50     06.3     00.0   00.85   004     022    06:27      S 
13    49.4   054.0   12:04    45.4   20:39     15.5     00.0   00.01   004     022    14:41     WSW
14    49.8   059.9   15:00    42.7   05:51     15.2     00.0   00.16   002     016    10:48      W 
15    58.4   074.5   14:52    44.6   03:23     06.5     00.0   00.01   001     020    14:29      N 
16    57.9   070.7   15:49    43.6   06:26     07.0     00.0   00.00   001     015    13:56      N 
17    50.2   060.9   13:38    42.6   06:25     14.7     00.0   00.12   001     010    15:47      N 
18    43.7   045.0   10:36    42.2   05:55     21.2     00.0   00.84   001     012    05:03      N 
--------------------------------------------------------------------------------------------------------
49.1 (49.5)   75.0  day 09     31.4  day 08   284.6    000.0   03.57   01.9     024   day 04     NNE
Min <  86: 18
Max Rain: 0.85 ON 12-04-24
Days of Rain: 10 (> .008in) 8 (> .08in) 2 (> 0.8in)



Number of visitors since April 1, 2024
Free Website Hit Counter
Free website hit counter